1
List the prime factors of 13082401.
17, 769553
List the prime factors of 544365.
3, 5, 12097
List the prime factors of 2955500.
2, 5, 23, 257
List the prime factors of 10013719.
937, 10687
What are the prime factors of 14568?
2, 3, 607
What are the prime factors of 722884?
2, 127, 1423
What are the prime factors of 3164441?
7, 257, 1759
List the prime factors of 1392784.
2, 87049
List the prime factors of 3396223.
3396223
What are the prime factors of 672430?
2, 5, 11, 6113
List the prime factors of 646176.
2, 3, 53, 127
What are the prime factors of 1808153?
37, 48869
What are the prime factors of 11306845?
5, 11, 1699
List the prime factors of 2231937.
3, 247993
List the prime factors of 2260507.
17, 132971
What are the prime factors of 3817821?
3, 7, 29, 6269
List the prime factors of 7762.
2, 3881
List the prime factors of 3724101.
3, 43, 9623
List the prime factors of 159719.
7, 22817
What are the prime factors of 19956254?
2, 71, 313, 449
What are the prime factors of 97626?
2, 3, 53, 307
List the prime factors of 155547.
3, 7, 823
List the prime factors of 2457037.
11, 223367
What are the prime factors of 9371518?
2, 13, 47, 7669
List the prime factors of 304788.
2, 3, 11, 2309
What are the prime factors of 6602627?
6602627
List the prime factors of 26919.
3, 997
List the prime factors of 9777224.
2, 383, 3191
List the prime factors of 763505.
5, 311, 491
List the prime factors of 7220373.
3, 191, 12601
List the prime factors of 343215.
3, 5, 29, 263
What are the prime factors of 2001138?
2, 3, 17, 23, 853
What are the prime factors of 12118016?
2, 61, 97
What are the prime factors of 395600?
2, 5, 23, 43
List the prime factors of 1790227.
83, 21569
List the prime factors of 7980251.
7980251
What are the prime factors of 3591269?
11, 326479
What are the prime factors of 718967?
397, 1811
List the prime factors of 4371979.
157, 27847
List the prime factors of 24950937.
3, 11, 47, 16087
List the prime factors of 908902.
2, 454451
What are the prime factors of 1547040?
2, 3, 5, 11, 293
What are the prime factors of 1084526?
2, 542263
What are the prime factors of 363834?
2, 3, 17, 29, 41
What are the prime factors of 5816214?
2, 3, 323123
List the prime factors of 10623243.
3, 113, 31337
What are the prime factors of 548415?
3, 5, 7, 1741
What are the prime factors of 19145486?
2, 9572743
List the prime factors of 89026.
2, 7, 6359
What are the prime factors of 760280?
2, 5, 83, 229
What are the prime factors of 102088?
2, 7, 1823
What are the prime factors of 41399?
41399
What are the prime factors of 14068646?
2, 7034323
What are the prime factors of 4144820?
2, 5, 207241
List the prime factors of 2529798.
2, 3, 421633
What are the prime factors of 356756?
2, 89189
What are the prime factors of 11267192?
2, 17, 82847
What are the prime factors of 3164645?
5, 11, 163, 353
What are the prime factors of 7615825?
5, 7, 6217
List the prime factors of 9659211.
3, 107, 30091
What are the prime factors of 5599850?
2, 5, 111997
List the prime factors of 725310.
2, 3, 5, 8059
What are the prime factors of 14049893?
11, 13, 98251
What are the prime factors of 25880041?
11, 151, 15581
What are the prime factors of 193228?
2, 7, 67, 103
List the prime factors of 6743668.
2, 1685917
List the prime factors of 1646222.
2, 47, 83, 211
List the prime factors of 632815.
5, 67, 1889
What are the prime factors of 148964?
2, 167, 223
What are the prime factors of 370375?
5, 2963
What are the prime factors of 2706137?
7, 107, 3613
What are the prime factors of 708262?
2, 23, 89, 173
List the prime factors of 38067180.
2, 3, 5, 47, 13499
List the prime factors of 324979.
324979
List the prime factors of 2305347.
3, 11, 69859
List the prime factors of 16150143.
3, 5383381
List the prime factors of 1010827.
23, 71, 619
What are the prime factors of 256623?
3, 113, 757
List the prime factors of 5411728.
2, 7, 211, 229
List the prime factors of 6780307.
6780307
List the prime factors of 4705169.
7, 672167
What are the prime factors of 516064?
2, 16127
List the prime factors of 147767.
107, 1381
What are the prime factors of 51205?
5, 7, 11, 19
List the prime factors of 59514.
2, 3, 7, 13, 109
List the prime factors of 27736100.
2, 5, 7, 39623
List the prime factors of 1189535.
5, 73, 3259
What are the prime factors of 10295483?
11, 97, 9649
List the prime factors of 20885370.
2, 3, 5, 11, 19, 3331
What are the prime factors of 569977?
587, 971
What are the prime factors of 2036393?
2036393
What are the prime factors of 5087?
5087
List the prime factors of 910195.
5, 11, 13, 19, 67
List the prime factors of 1433906.
2, 716953
List the prime factors of 230734.
2, 7, 16481
What are the prime factors of 1067353?
7, 41, 3719
List the prime factors of 700033.
467, 1499
What are the prime factors of 3401867?
7, 307, 1583
List the prime factors of 2180181.
3, 233, 3119
What are the prime factors of 275955?
3, 5, 18397
What are the prime factors of 124673?
124673
What are the prime factors of 606432?
2, 3, 6317
List the prime factors of 6280938.
2, 3, 173, 2017
What are the prime factors of 27556?
2, 83
List the prime factors of 19336303.
7, 2762329
What are the prime factors of 7874801?
11, 151, 431
What are the prime factors of 55066?
2, 11, 2503
List the prime factors of 4219616.
2, 29, 4547
List the prime factors of 1224797.
7, 19, 9209
What are the prime factors of 2633738?
2, 1316869
What are the prime factors of 966138?
2, 3, 23, 7001
List the prime factors of 921962.
2, 460981
What are the prime factors of 4754628?
2, 3, 17, 457
What are the prime factors of 9821362?
2, 4910681
What are the prime factors of 7706688?
2, 3, 11, 41, 89
What are the prime factors of 188975?
5, 7559
List the prime factors of 1970476.
2, 492619
What are the prime factors of 2036897?
1091, 1867
List the prime factors of 219307.
11, 19937
What are the prime factors of 5716454?
2, 17, 19, 8849
List the prime factors of 1532844.
2, 3, 19, 83
What are the prime factors of 7244361?
3, 804929
What are the prime factors of 6756709?
6756709
List the prime factors of 126565.
5, 17, 1489
List the prime factors of 59094.
2, 3, 7, 67
List the prime factors of 6129970.
2, 5, 7, 11, 19, 419
List the prime factors of 98957.
17, 5821
List the prime factors of 274485.
3, 5, 29, 631
List the prime factors of 1175282.
2, 47, 12503
List the prime factors of 156571.
29, 5399
What are the prime factors of 8795892?
2, 3, 7, 2137
What are the prime factors of 55221?
3, 79, 233
List the prime factors of 1256281.
13, 41, 2357
List the prime factors of 22089050.
2, 5, 31, 14251
What are the prime factors of 1647653?
7, 113, 2083
What are the prime factors of 14234401?
19, 23, 32573
What are the prime factors of 212294?
2, 179, 593
List the prime factors of 8241308.
2, 2060327
List the prime factors of 1065016.
2, 17, 41, 191
List the prime factors of 3851546.
2, 1925773
What are the prime factors of 59312?
2, 11, 337
List the prime factors of 2316695.
5, 463339
What are the prime factors of 312647?
17, 53, 347
What are the prime factors of 929805?
3, 5, 61987
List the prime factors of 4382604.
2, 3, 23, 67, 79
List the prime factors of 200956.
2, 7, 7177
What are the prime factors of 4288322?
2, 2144161
What are the prime factors of 441595?
5, 7, 11, 31, 37
What are the prime factors of 135160?
2, 5, 31, 109
List the prime factors of 370730.
2, 5, 131, 283
What are the prime factors of 576759?
3, 17, 43, 263
What are the prime factors of 984684?
2, 3, 31, 2647
List the prime factors of 1264377.
3, 421459
List the prime factors of 48119.
48119
List the prime factors of 2136362.
2, 67, 107, 149
List the prime factors of 49732.
2, 12433
List the prime factors of 157845.
3, 5, 17, 619
What are the prime factors of 6336983?
23, 275521
What are the prime factors of 595184?
2, 37199
What are the prime factors of 306512?
2, 19157
What are the prime factors of 539494?
2, 107, 2521
List the prime factors of 334790.
2, 5, 33479
List the prime factors of 7924181.
7924181
What are the prime factors of 7818730?
2, 5, 103, 7591
List the prime factors of 274770.
2, 3, 5, 43, 71
List the prime factors of 1193514.
2, 3, 7, 157, 181
What are the prime factors of 333524?
2, 199, 419
What are the prime factors of 26558743?
17, 15